3154?
3302
In base 11, what is 2499 - -2?
24a0
In base 15, what is 3 + -1a6e?
-1a6b
In base 14, what is -3 + -68089?
-6808c
In base 13, what is -113641 + -2?
-113643
In base 7, what is -1565 + 2156?
261
In base 4, what is -1 + 10330112030?
10330112023
In base 11, what is -7623 - -4?
-761a
In base 7, what is 43352 + 20?
43402
In base 16, what is cbf24 - -5?
cbf29
In base 7, what is 235343 + 1?
235344
In base 5, what is -10 + 323003?
322443
In base 10, what is 3 - -246?
249
In base 7, what is -16456 + -55?
-16544
In base 5, what is 332441 - 34?
332402
In base 6, what is -141400 - 1?
-141401
In base 14, what is 1d38 + -5?
1d33
In base 6, what is 23021 - 32?
22545
In base 4, what is 0 + 11023003?
11023003
In base 11, what is -2a663 + 1?
-2a662
In base 2, what is -10011001110111001 - 1?
-10011001110111010
In base 5, what is -4143 + -1230?
-10423
In base 10, what is 23 - 25596?
-25573
In base 5, what is -212241 - -33?
-212203
In base 12, what is -3b + -11974?
-119b3
In base 6, what is -31355 + 10?
-31345
In base 14, what is -26 + 26a?
244
In base 7, what is 11 - 23126?
-23115
In base 12, what is -50146 - -14?
-50132
In base 10, what is -6314 - -90?
-6224
In base 3, what is -102021 + 11012?
-21002
In base 13, what is -4923 - 19?
-493c
In base 7, what is 1404 - -62?
1466
In base 2, what is -1100101 + 1010100101001?
1010011000100
In base 11, what is 7 - 8488?
-8481
In base 6, what is 404445 - 5?
404440
In base 13, what is -16 - -15b9?
15a3
In base 15, what is -aad + 24?
-a89
In base 14, what is d4 - -28a?
380
In base 11, what is 8573 - 9?
8565
In base 13, what is 1 - -69659?
6965a
In base 8, what is -361 - -375?
14
In base 14, what is -1c - -a69?
a4b
In base 2, what is -1000000 - 100111?
-1100111
In base 5, what is 30 - -123001?
123031
In base 11, what is -902a - 8?
-9037
In base 14, what is -913 - 1bd?
-ad2
In base 9, what is -4 - -6472?
6467
In base 7, what is 4 + -432453?
-432446
In base 6, what is 44215 + 421?
45040
In base 10, what is -4915 - 3?
-4918
In base 13, what is 106b43 - -2?
106b45
In base 15, what is 7 + 3c60?
3c67
In base 2, what is 110010011 + -11001000100?
-10010110001
In base 5, what is -241303 + -1?
-241304
In base 6, what is -2 + -132040?
-132042
In base 14, what is 0 + -a7d79?
-a7d79
In base 14, what is 8d9b - -13?
8db0
In base 5, what is 122 + 434312?
434434
In base 2, what is 11011011110110 - -11?
11011011111001
In base 11, what is -936 - 93?
-a19
In base 5, what is 24031243 - 4?
24031234
In base 6, what is -2 + 32105?
32103
In base 13, what is 98957 + -4?
98953
In base 8, what is 177 + 42?
241
In base 5, what is 4 + -304100?
-304041
In base 11, what is -345512 - -a?
-345503
In base 15, what is -26 + 1d4c?
1d26
In base 13, what is -258 + 228b?
2033
In base 9, what is -387 - 541?
-1038
In base 13, what is -8bc8 + -a?
-8c05
In base 9, what is 53048 + -14?
53034
In base 7, what is 106204 - -2?
106206
In base 15, what is -10b0 - 0?
-10b0
In base 11, what is -3 + -1a7?
-1aa
In base 4, what is 1301310223 - -11?
1301310300
In base 10, what is -111626 - -3?
-111623
In base 11, what is 2300684 + -1?
2300683
In base 2, what is 100 + -1000010011011101?
-1000010011011001
In base 2, what is -1100111000 - -11110?
-1100011010
In base 7, what is -34262 + 50?
-34212
In base 12, what is 120 - a4?
38
In base 13, what is 4 + 1283?
1287
In base 7, what is 321164 + -2?
321162
In base 9, what is -5 - -27560?
27554
In base 6, what is 12 - 255231?
-255215
In base 3, what is -11220101 - 2111?
-11222212
In base 15, what is -5c9 + -84?
-65d
In base 4, what is 20320 - -130332?
211312
In base 3, what is -11211120 - -2?
-11211111
In base 16, what is -5 - -30da?
30d5
In base 6, what is -10 + 2?
-4
In base 3, what is 11100002021110 + 1?
11100002021111
In base 11, what is -3 + -697a87?
-697a8a
In base 6, what is 5 + 205331?
205340
In base 2, what is -1001001110100010010 - -101?
-1001001110100001101
In base 16, what is 204 - f9?
10b
In base 4, what is 10 - 323331131?
-323331121
In base 14, what is 1914 + 1d?
1933
In base 4, what is 1131332302 - 0?
1131332302
In base 5, what is 1400422 + 0?
1400422
In base 14, what is -1 + 75c?
75b
In base 10, what is 7964 + -22?
7942
In base 14, what is -8054 - 2?
-8056
In base 13, what is 2ba6cb + 2?
2ba700
In base 10, what is 2897 + -19?
2878
In base 5, what is -1424 - -1333?
-41
In base 4, what is -320231 + 23?
-320202
In base 3, what is 120012 + -121?
112121
In base 12, what is 5 - -756?
75b
In base 10, what is 13 - 27001?
-26988
In base 2, what is 1110 + 100110110101111?
100110110111101
In base 6, what is 20 + -3225?
-3205
In base 9, what is -51 + -350?
-411
In base 10, what is -4 + 3089?
3085
In base 16, what is -d + -4bf6?
-4c03
In base 5, what is 0 - 3122404?
-3122404
In base 2, what is -1000001 + 100101101010?
100100101001
In base 3, what is 1001 - 1011002120?
-1011001112
In base 10, what is 2 + 13347?
13349
In base 4, what is -3001223321 + -2?
-3001223323
In base 3, what is 2012102 + -110?
2011222
In base 2, what is -101110 - -1101001100111110?
1101001100010000
In base 9, what is 1242 + -540?
602
In base 8, what is 102 - 1276?
-1174
In base 13, what is 58944 + c?
58953
In base 13, what is -11 - 37b8?
-37c9
In base 10, what is -422 + 12?
-410
In base 15, what is -9c7a + 5?
-9c75
In base 6, what is -3252 + -222?
-3514
In base 2, what is 1001000111 - -1110101?
1010111100
In base 11, what is 16 - -4a5?
510
In base 5, what is -4 + -444443?
-1000002
In base 12, what is 6384b - 2?
63849
In base 7, what is -2362504 + -1?
-2362505
In base 12, what is 8 - -67195?
671a1
In base 10, what is 782 - -29?
811
In base 6, what is -1543354 + 4?
-1543350
In base 9, what is -1530 - 4028?
-5558
In base 6, what is -5353 + 125?
-5224
In base 2, what is -10111 + 11000011001?
11000000010
In base 3, what is 101 + 210220100?
210220201
In base 11, what is -4 - -867980?
867977
In base 16, what is -10d41 + 2f?
-10d12
In base 3, what is -110011100 - -210?
-110010120
In base 14, what is 14327 - 0?
14327
In base 4, what is -221 + -1202023?
-1202310
In base 11, what is 2 + -333886?
-333884
In base 15, what is 5a0d + 4?
5a12
In base 4, what is -120003 + 110030?
-3313
In base 9, what is 3438 - -165?
3614
In base 12, what is 97 - -b76b?
b846
In base 11, what is -12 - 3472?
-3484
In base 16, what is -30fc + e?
-30ee
In base 3, what is 202101012021 + -10?
202101012011
In base 16, what is -d + -12?
-1f
In base 7, what is 5 - -6615356?
6615364
In base 16, what is -a38a - 4?
-a38e
In base 13, what is -18bb7 + b?
-18ba9
In base 11, what is -5 - a15a6?
-a1600
In base 11, what is -25a + -a82?
-1231
In base 8, what is -12451276 + 3?
-12451273
In base 7, what is 3 + 41524?
41530
In base 2, what is 101 - -100010011000100?
100010011001001
In base 3, what is -12 + -1021210210?
-1021210222
In base 15, what is -451 - -146?
-30a
In base 2, what is -1001111110 - 10010011?
-1100010001
In base 14, what is 67 - -8?
71
In base 13, what is 5506 + 4?
550a
In base 14, what is 11b2 + 42?
1214
In base 13, what is -84633 + 3?
-84630
In base 13, what is 240 + 582?
7c2
In base 16, what is 4 + -ae0f0?
-ae0ec
In base 5, what is -32 + 1003241?
1003204
In base 15, what is 3 + -372e?
-372b
In base 8, what is -37 + 5260?
5221
In base 10, what is -319780 - -4?
-319776
In base 11, what is 1 - -150249?
15024a
In base 4, what is 10023 + 20021?
30110
In base 7, what is 15 - 11034?
-11016
In base 8, what is 33453 + -25?
33426
In base 9, what is 5 + -28511?
-28505
In base 12, what is -60a5 + 9?
-6098
In base 3, what is -221210 + -1012?
-222222
In base 14, what is -2 + 1a20?
1a1c
In base 13, what is -19 + 151?
135
In base 5, what is 1233203 - -2?
1233210
In base 2, what is -110010101001101 + -10011?
-110010101100000
In base 6, what is -4 - 12245131?
-12245135
In base 3, what is 111 + -10110010?
-10102122
In base 5, what is 344 + -1301?
-402
In base 15, what is -b898 + 15?
-b883
In base 16, what is -a + 1a91?
1a87
In base 15, what is 187 + -41?
146
In base 8, what is -5 - -211447?
211442
In base 5, what is -2 - 23100?
-23102
In base 7, what is 2 + 112030?
112032
In base 12, what is -13b7b + -4?
-13b83
In base 16, what is -2b3 + 6?
-2ad
In base 3, what is 11121122 - -200?
11122022
In base 14, what is 492 + -8c?
404
In base 7, what is -302 + -442?
-1044
In base 5, what is 1 - 23213433?
-23213432
I